{"version":"1.0","provider_name":"Montanheiros","provider_url":"https:\/\/www.montanheiros.com\/en\/","author_name":"Cecilia Matos","author_url":"https:\/\/www.montanheiros.com\/en\/author\/ceciliaadm\/","title":"Dia Internacional das Montanhas","type":"rich","width":600,"height":338,"html":"<blockquote class=\"wp-embedded-content\" data-secret=\"aoZZjBREIU\"><a href=\"https:\/\/www.montanheiros.com\/en\/2007\/12\/18\/dia-internacional-das-montanhas\/\">Dia Internacional das Montanhas<\/a><\/blockquote><iframe sandbox=\"allow-scripts\" security=\"restricted\" src=\"https:\/\/www.montanheiros.com\/en\/2007\/12\/18\/dia-internacional-das-montanhas\/embed\/#?secret=aoZZjBREIU\" width=\"600\" height=\"338\" title=\"&#8220;Dia Internacional das Montanhas&#8221; &#8212; Montanheiros\" data-secret=\"aoZZjBREIU\" frameborder=\"0\" marginwidth=\"0\" marginheight=\"0\" scrolling=\"no\" class=\"wp-embedded-content\"><\/iframe><script type=\"text\/javascript\">\n\/* <![CDATA[ *\/\n\/*! This file is auto-generated *\/\n!function(d,l){\"use strict\";l.querySelector&&d.addEventListener&&\"undefined\"!=typeof URL&&(d.wp=d.wp||{},d.wp.receiveEmbedMessage||(d.wp.receiveEmbedMessage=function(e){var t=e.data;if((t||t.secret||t.message||t.value)&&!\/[^a-zA-Z0-9]\/.test(t.secret)){for(var s,r,n,a=l.querySelectorAll('iframe[data-secret=\"'+t.secret+'\"]'),o=l.querySelectorAll('blockquote[data-secret=\"'+t.secret+'\"]'),c=new RegExp(\"^https?:$\",\"i\"),i=0;i<o.length;i++)o[i].style.display=\"none\";for(i=0;i<a.length;i++)s=a[i],e.source===s.contentWindow&&(s.removeAttribute(\"style\"),\"height\"===t.message?(1e3<(r=parseInt(t.value,10))?r=1e3:~~r<200&&(r=200),s.height=r):\"link\"===t.message&&(r=new URL(s.getAttribute(\"src\")),n=new URL(t.value),c.test(n.protocol))&&n.host===r.host&&l.activeElement===s&&(d.top.location.href=t.value))}},d.addEventListener(\"message\",d.wp.receiveEmbedMessage,!1),l.addEventListener(\"DOMContentLoaded\",function(){for(var e,t,s=l.querySelectorAll(\"iframe.wp-embedded-content\"),r=0;r<s.length;r++)(t=(e=s[r]).getAttribute(\"data-secret\"))||(t=Math.random().toString(36).substring(2,12),e.src+=\"#?secret=\"+t,e.setAttribute(\"data-secret\",t)),e.contentWindow.postMessage({message:\"ready\",secret:t},\"*\")},!1)))}(window,document);\n\/\/# sourceURL=https:\/\/www.montanheiros.com\/wp-includes\/js\/wp-embed.min.js\n\/* ]]> *\/\n<\/script>\n","description":"As Na\u00e7\u00f5es Unidas, em 2002, designaram o dia 11 de Dezembro como o Dia Internacional das Montanhas, uma vez que as montanhas se encontram entre os ecossistemas terrestres mais ricos em biodiversidade no planeta. Contudo, s\u00e3o tamb\u00e9m dos mais vulner\u00e1veis aos efeitos do aquecimento global. Por esse motivo, o tema das comemora\u00e7\u00f5es de 2007 \u00e9&hellip;","thumbnail_url":"http:\/\/montanheiros.cecilia-designs.com\/wp-content\/uploads\/2019\/06\/big1197989104.jpg"}

As Nações Unidas, em 2002, designaram o dia 11 de Dezembro como o Dia Internacional das Montanhas, uma vez que as montanhas se encontram entre os ecossistemas terrestres mais ricos em biodiversidade no planeta. Contudo, são também dos mais vulneráveis aos efeitos do aquecimento global. Por esse motivo, o tema das comemorações de 2007 é&hellip;
