{"version":"1.0","provider_name":"Montanheiros","provider_url":"https:\/\/www.montanheiros.com\/en\/","author_name":"Cecilia Matos","author_url":"https:\/\/www.montanheiros.com\/en\/author\/ceciliaadm\/","title":"Comemora\u00e7\u00e3o do Dia Mundial do Ambiente e do Dia Mundial dos Oceanos","type":"rich","width":600,"height":338,"html":"<blockquote class=\"wp-embedded-content\" data-secret=\"mdjcPeUnWp\"><a href=\"https:\/\/www.montanheiros.com\/en\/2017\/05\/30\/comemoracao-do-dia-mundial-do-ambiente\/\">Comemora\u00e7\u00e3o do Dia Mundial do Ambiente e do Dia Mundial dos Oceanos<\/a><\/blockquote><iframe sandbox=\"allow-scripts\" security=\"restricted\" src=\"https:\/\/www.montanheiros.com\/en\/2017\/05\/30\/comemoracao-do-dia-mundial-do-ambiente\/embed\/#?secret=mdjcPeUnWp\" width=\"600\" height=\"338\" title=\"&#8220;Comemora\u00e7\u00e3o do Dia Mundial do Ambiente e do Dia Mundial dos Oceanos&#8221; &#8212; Montanheiros\" data-secret=\"mdjcPeUnWp\" frameborder=\"0\" marginwidth=\"0\" marginheight=\"0\" scrolling=\"no\" class=\"wp-embedded-content\"><\/iframe><script type=\"text\/javascript\">\n\/* <![CDATA[ *\/\n\/*! This file is auto-generated *\/\n!function(d,l){\"use strict\";l.querySelector&&d.addEventListener&&\"undefined\"!=typeof URL&&(d.wp=d.wp||{},d.wp.receiveEmbedMessage||(d.wp.receiveEmbedMessage=function(e){var t=e.data;if((t||t.secret||t.message||t.value)&&!\/[^a-zA-Z0-9]\/.test(t.secret)){for(var s,r,n,a=l.querySelectorAll('iframe[data-secret=\"'+t.secret+'\"]'),o=l.querySelectorAll('blockquote[data-secret=\"'+t.secret+'\"]'),c=new RegExp(\"^https?:$\",\"i\"),i=0;i<o.length;i++)o[i].style.display=\"none\";for(i=0;i<a.length;i++)s=a[i],e.source===s.contentWindow&&(s.removeAttribute(\"style\"),\"height\"===t.message?(1e3<(r=parseInt(t.value,10))?r=1e3:~~r<200&&(r=200),s.height=r):\"link\"===t.message&&(r=new URL(s.getAttribute(\"src\")),n=new URL(t.value),c.test(n.protocol))&&n.host===r.host&&l.activeElement===s&&(d.top.location.href=t.value))}},d.addEventListener(\"message\",d.wp.receiveEmbedMessage,!1),l.addEventListener(\"DOMContentLoaded\",function(){for(var e,t,s=l.querySelectorAll(\"iframe.wp-embedded-content\"),r=0;r<s.length;r++)(t=(e=s[r]).getAttribute(\"data-secret\"))||(t=Math.random().toString(36).substring(2,12),e.src+=\"#?secret=\"+t,e.setAttribute(\"data-secret\",t)),e.contentWindow.postMessage({message:\"ready\",secret:t},\"*\")},!1)))}(window,document);\n\/\/# sourceURL=https:\/\/www.montanheiros.com\/wp-includes\/js\/wp-embed.min.js\n\/* ]]> *\/\n<\/script>\n","description":"O cartaz-programa&nbsp;da&nbsp;campanha \"Peda\u00e7os de Mar e&nbsp;Ambiente\"&nbsp;contempla&nbsp;atividades a decorrer em Angra do Hero\u00edsmo e&nbsp;na&nbsp;Praia da Vit\u00f3ria&nbsp;entre 6-11 de&nbsp;junho, designadamente:&nbsp;a\u00e7\u00f5es de interpreta\u00e7\u00e3o ambiental,&nbsp;oficinas,&nbsp;conversas informais com&nbsp;especialistas,&nbsp;limpezas&nbsp;costeiras e subaqu\u00e1ticas, antestreia do filme&nbsp;\"L'Odyss\u00e9e\" e passeios de barco.&nbsp;&nbsp; Esta iniciativa&nbsp;surge da&nbsp;crescente&nbsp;preocupa\u00e7\u00e3o ambiental,&nbsp;da&nbsp;multiplicidade&nbsp;de iniciativas&nbsp;a decorrer na ilha Terceira&nbsp;e&nbsp;tem como&nbsp;objetivos:&nbsp;dar maior&nbsp;visibilidade \u00e0s&nbsp;efem\u00e9rides do Dia Mundial do Ambiente e&nbsp;do&nbsp;Dia Mundial dos Oceanos, que se&hellip;","thumbnail_url":"http:\/\/montanheiros.cecilia-designs.com\/wp-content\/uploads\/2019\/05\/big1496242517.jpg"}

Comemoração do Dia Mundial do Ambiente e do Dia Mundial dos Oceanos

<blockquote class="wp-embedded-content" data-secret="mdjcPeUnWp"><a href="https://www.montanheiros.com/en/2017/05/30/comemoracao-do-dia-mundial-do-ambiente/">Comemoração do Dia Mundial do Ambiente e do Dia Mundial dos Oceanos</a></blockquote><iframe sandbox="allow-scripts" security="restricted" src="https://www.montanheiros.com/en/2017/05/30/comemoracao-do-dia-mundial-do-ambiente/embed/#?secret=mdjcPeUnWp" width="600" height="338" title="&#8220;Comemoração do Dia Mundial do Ambiente e do Dia Mundial dos Oceanos&#8221; &#8212; Montanheiros" data-secret="mdjcPeUnWp" frameborder="0" marginwidth="0" marginheight="0" scrolling="no" class="wp-embedded-content"></iframe><script type="text/javascript">
/* <![CDATA[ */
/*! This file is auto-generated */
!function(d,l){"use strict";l.querySelector&&d.addEventListener&&"undefined"!=typeof URL&&(d.wp=d.wp||{},d.wp.receiveEmbedMessage||(d.wp.receiveEmbedMessage=function(e){var t=e.data;if((t||t.secret||t.message||t.value)&&!/[^a-zA-Z0-9]/.test(t.secret)){for(var s,r,n,a=l.querySelectorAll('iframe[data-secret="'+t.secret+'"]'),o=l.querySelectorAll('blockquote[data-secret="'+t.secret+'"]'),c=new RegExp("^https?:$","i"),i=0;i<o.length;i++)o[i].style.display="none";for(i=0;i<a.length;i++)s=a[i],e.source===s.contentWindow&&(s.removeAttribute("style"),"height"===t.message?(1e3<(r=parseInt(t.value,10))?r=1e3:~~r<200&&(r=200),s.height=r):"link"===t.message&&(r=new URL(s.getAttribute("src")),n=new URL(t.value),c.test(n.protocol))&&n.host===r.host&&l.activeElement===s&&(d.top.location.href=t.value))}},d.addEventListener("message",d.wp.receiveEmbedMessage,!1),l.addEventListener("DOMContentLoaded",function(){for(var e,t,s=l.querySelectorAll("iframe.wp-embedded-content"),r=0;r<s.length;r++)(t=(e=s[r]).getAttribute("data-secret"))||(t=Math.random().toString(36).substring(2,12),e.src+="#?secret="+t,e.setAttribute("data-secret",t)),e.contentWindow.postMessage({message:"ready",secret:t},"*")},!1)))}(window,document);
//# sourceURL=https://www.montanheiros.com/wp-includes/js/wp-embed.min.js
/* ]]> */
</script>

O cartaz-programa&nbsp;da&nbsp;campanha "Pedaços de Mar e&nbsp;Ambiente"&nbsp;contempla&nbsp;atividades a decorrer em Angra do Heroísmo e&nbsp;na&nbsp;Praia da Vitória&nbsp;entre 6-11 de&nbsp;junho, designadamente:&nbsp;ações de interpretação ambiental,&nbsp;oficinas,&nbsp;conversas informais com&nbsp;especialistas,&nbsp;limpezas&nbsp;costeiras e subaquáticas, antestreia do filme&nbsp;"L'Odyssée" e passeios de barco.&nbsp;&nbsp; Esta iniciativa&nbsp;surge da&nbsp;crescente&nbsp;preocupação ambiental,&nbsp;da&nbsp;multiplicidade&nbsp;de iniciativas&nbsp;a decorrer na ilha Terceira&nbsp;e&nbsp;tem como&nbsp;objetivos:&nbsp;dar maior&nbsp;visibilidade às&nbsp;efemérides do Dia Mundial do Ambiente e&nbsp;do&nbsp;Dia Mundial dos Oceanos, que se&hellip;
