{"id":15478,"date":"2023-04-11T10:44:26","date_gmt":"2023-04-11T10:44:26","guid":{"rendered":"http:\/\/www.montanheiros.com\/?post_type=product&#038;p=15478"},"modified":"2025-10-17T08:27:32","modified_gmt":"2025-10-17T08:27:32","slug":"floresta-das-nuvens","status":"publish","type":"product","link":"https:\/\/www.montanheiros.com\/en\/product\/floresta-das-nuvens\/","title":{"rendered":"Floresta das Nuvens"},"content":{"rendered":"<p>Dimens\u00f5es: 25cm x 30,50cm<\/p>\n<p>Idioma: Portugu\u00eas<\/p>\n<p>Autor: Paulo Henrique Silva<\/p>\n<p>Edi\u00e7\u00e3o: Munic\u00edpio de Angra do Hero\u00edsmo e Associa\u00e7\u00e3o Os Montanheiros<\/p>\n<p>\u00c0 venda nos Centros de Visitantes Algar do Carv\u00e3o e Gruta do Natal e na Sede da Associa\u00e7\u00e3o Os Montanheiros<\/p>\n","protected":false},"excerpt":{"rendered":"<p>Trata-se de um album fotogr\u00e1fico de capa dura, num estudo sobre a est\u00e9tica da floresta das nuvens, como \u00e9 designada as florestas de altitude, onde \u00e9 abundante a humidade e os nevoeiros.<\/p>\n","protected":false},"featured_media":15479,"comment_status":"open","ping_status":"closed","template":"","meta":{"jetpack_post_was_ever_published":false,"jetpack_publicize_message":"","jetpack_publicize_feature_enabled":true,"jetpack_social_post_already_shared":true,"jetpack_social_options":{"image_generator_settings":{"template":"highway","default_image_id":0,"font":"","enabled":false},"version":2}},"product_brand":[],"product_cat":[72],"product_tag":[79,474],"class_list":{"0":"post-15478","1":"product","2":"type-product","3":"status-publish","4":"has-post-thumbnail","6":"product_cat-livros","7":"product_tag-acores","8":"product_tag-floresta","10":"first","11":"instock","12":"shipping-taxable","13":"purchasable","14":"product-type-simple"},"jetpack_publicize_connections":[],"jetpack_sharing_enabled":true,"_links":{"self":[{"href":"https:\/\/www.montanheiros.com\/en\/wp-json\/wp\/v2\/product\/15478","targetHints":{"allow":["GET"]}}],"collection":[{"href":"https:\/\/www.montanheiros.com\/en\/wp-json\/wp\/v2\/product"}],"about":[{"href":"https:\/\/www.montanheiros.com\/en\/wp-json\/wp\/v2\/types\/product"}],"replies":[{"embeddable":true,"href":"https:\/\/www.montanheiros.com\/en\/wp-json\/wp\/v2\/comments?post=15478"}],"wp:featuredmedia":[{"embeddable":true,"href":"https:\/\/www.montanheiros.com\/en\/wp-json\/wp\/v2\/media\/15479"}],"wp:attachment":[{"href":"https:\/\/www.montanheiros.com\/en\/wp-json\/wp\/v2\/media?parent=15478"}],"wp:term":[{"taxonomy":"product_brand","embeddable":true,"href":"https:\/\/www.montanheiros.com\/en\/wp-json\/wp\/v2\/product_brand?post=15478"},{"taxonomy":"product_cat","embeddable":true,"href":"https:\/\/www.montanheiros.com\/en\/wp-json\/wp\/v2\/product_cat?post=15478"},{"taxonomy":"product_tag","embeddable":true,"href":"https:\/\/www.montanheiros.com\/en\/wp-json\/wp\/v2\/product_tag?post=15478"}],"curies":[{"name":"wp","href":"https:\/\/api.w.org\/{rel}","templated":true}]}}

<p>Dimensões: 25cm x 30,50cm</p>
<p>Idioma: Português</p>
<p>Autor: Paulo Henrique Silva</p>
<p>Edição: Município de Angra do Heroísmo e Associação Os Montanheiros</p>
<p>À venda nos Centros de Visitantes Algar do Carvão e Gruta do Natal e na Sede da Associação Os Montanheiros</p>

<p>Trata-se de um album fotográfico de capa dura, num estudo sobre a estética da floresta das nuvens, como é designada as florestas de altitude, onde é abundante a humidade e os nevoeiros.</p>
