{"id":18753,"date":"2026-08-31T07:14:07","date_gmt":"2026-08-31T07:14:07","guid":{"rendered":"https:\/\/www.montanheiros.com\/?post_type=product&#038;p=18753"},"modified":"2026-08-31T07:19:59","modified_gmt":"2026-08-31T07:19:59","slug":"as-minhas-dancas-de-espada","status":"publish","type":"product","link":"https:\/\/www.montanheiros.com\/en\/product\/as-minhas-dancas-de-espada\/","title":{"rendered":"As minhas Dan\u00e7as de Espada"},"content":{"rendered":"<p>Livro sobre as tradicionais Dan\u00e7as de Espadas da ilha Terceira, com textos de Ant\u00f3nio Mendes.<\/p>\n","protected":false},"excerpt":{"rendered":"<p>Livro sobre as tradicionais Dan\u00e7as de Espadas da ilha Terceira, com textos de Ant\u00f3nio Mendes.<\/p>\n","protected":false},"featured_media":18751,"comment_status":"open","ping_status":"closed","template":"","meta":{"jetpack_publicize_message":"","jetpack_publicize_feature_enabled":true,"jetpack_social_post_already_shared":true,"jetpack_social_options":{"image_generator_settings":{"template":"highway","default_image_id":0,"font":"","enabled":false},"version":2},"_members_access_role":[],"_members_access_error":""},"product_brand":[],"product_cat":[72],"product_tag":[80,514],"class_list":["post-18753","product","type-product","status-publish","has-post-thumbnail","product_cat-livros","product_tag-dancas-de-espada","product_tag-dancas-traicionais","first","instock","shipping-taxable","purchasable","product-type-simple"],"jetpack_publicize_connections":[],"jetpack_sharing_enabled":true,"_links":{"self":[{"href":"https:\/\/www.montanheiros.com\/en\/wp-json\/wp\/v2\/product\/18753","targetHints":{"allow":["GET"]}}],"collection":[{"href":"https:\/\/www.montanheiros.com\/en\/wp-json\/wp\/v2\/product"}],"about":[{"href":"https:\/\/www.montanheiros.com\/en\/wp-json\/wp\/v2\/types\/product"}],"replies":[{"embeddable":true,"href":"https:\/\/www.montanheiros.com\/en\/wp-json\/wp\/v2\/comments?post=18753"}],"wp:featuredmedia":[{"embeddable":true,"href":"https:\/\/www.montanheiros.com\/en\/wp-json\/wp\/v2\/media\/18751"}],"wp:attachment":[{"href":"https:\/\/www.montanheiros.com\/en\/wp-json\/wp\/v2\/media?parent=18753"}],"wp:term":[{"taxonomy":"product_brand","embeddable":true,"href":"https:\/\/www.montanheiros.com\/en\/wp-json\/wp\/v2\/product_brand?post=18753"},{"taxonomy":"product_cat","embeddable":true,"href":"https:\/\/www.montanheiros.com\/en\/wp-json\/wp\/v2\/product_cat?post=18753"},{"taxonomy":"product_tag","embeddable":true,"href":"https:\/\/www.montanheiros.com\/en\/wp-json\/wp\/v2\/product_tag?post=18753"}],"curies":[{"name":"wp","href":"https:\/\/api.w.org\/{rel}","templated":true}]}}

As minhas Danças de Espada

<p>Livro sobre as tradicionais Danças de Espadas da ilha Terceira, com textos de António Mendes.</p>
